ultiple of 68?
True
Is 145 a factor of 2189065?
True
Does 464 divide 999920?
True
Is 5755126 a multiple of 15?
False
Is 227 a factor of 3096640?
False
Is 188 a factor of 15296157?
False
Is 81 a factor of 1341360?
True
Is 35 a factor of 1955100?
True
Does 12 divide 2354773?
False
Is 153730 a multiple of 27?
False
Is 168521 a multiple of 17?
True
Is 3920292 a multiple of 18?
True
Does 8 divide 177448?
True
Is 3528951 a multiple of 208?
False
Does 14 divide 239596?
True
Is 280 a factor of 497827?
False
Is 970890 a multiple of 30?
True
Is 2 a factor of 6528?
True
Does 61 divide 32875?
False
Does 29 divide 1129077?
False
Is 13 a factor of 579722?
True
Is 1076868 a multiple of 354?
True
Does 1202 divide 3629209?
False
Is 24277801 a multiple of 1154?
False
Is 37 a factor of 129426?
True
Is 1451713 a multiple of 380?
False
Is 110 a factor of 685520?
True
Is 115852 a multiple of 4?
True
Is 879216 a multiple of 26?
True
Is 217 a factor of 475932?
False
Does 565 divide 9316837?
False
Is 239226 a multiple of 13?
True
Is 866 a factor of 3961298?
False
Does 186 divide 292320?
False
Is 131 a factor of 50829?
False
Does 310 divide 104488?
False
Is 119214 a multiple of 333?
True
Does 349 divide 66659?
True
Is 4 a factor of 8605495?
False
Is 8 a factor of 1956404?
False
Is 1634016 a multiple of 14?
False
Is 116402 a multiple of 13?
True
Does 923 divide 34056854?
True
Does 13 divide 862680?
True
Is 83 a factor of 90470?
True
Does 639 divide 12061746?
False
Is 410 a factor of 6321349?
False
Is 14604825 a multiple of 19?
True
Is 66 a factor of 642246?
True
Is 235132 a multiple of 58?
True
Is 679 a factor of 2395462?
False
Does 436 divide 946471?
False
Is 186308 a multiple of 12?
False
Is 1154 a factor of 2150398?
False
Is 108738 a multiple of 63?
True
Is 8012889 a multiple of 9?
True
Is 250130 a multiple of 198?
False
Is 20196 a multiple of 66?
True
Does 2 divide 259157?
False
Is 697 a factor of 1645617?
True
Does 51 divide 227501?
False
Does 809 divide 969694?
False
Is 245488 a multiple of 268?
True
Is 13 a factor of 48602?
False
Is 21 a factor of 221793?
False
Is 368494 a multiple of 10?
False
Is 8 a factor of 919703?
False
Does 82 divide 334333?
False
Is 2707169 a multiple of 361?
False
Is 215 a factor of 151360?
True
Does 407 divide 4221404?
True
Is 11914923 a multiple of 47?
True
Does 5 divide 41727?
False
Is 107 a factor of 9315?
False
Does 138 divide 346518?
True
Does 7 divide 16002?
True
Does 184 divide 3136241?
False
Does 377 divide 1286701?
True
Is 3 a factor of 1287893?
False
Is 498123 a multiple of 19?
True
Is 56 a factor of 163576?
True
Does 33 divide 413490?
True
Does 57 divide 89661?
True
Is 276220 a multiple of 102?
False
Does 407 divide 11803?
True
Does 121 divide 98013?
False
Is 16 a factor of 6882874?
False
Is 101482 a multiple of 107?
False
Is 7 a factor of 5419120?
True
Does 3 divide 1348242?
True
Is 203581 a multiple of 229?
True
Is 30911280 a multiple of 888?
True
Is 232287 a multiple of 152?
False
Is 113685 a multiple of 15?
True
Does 26 divide 1853?
False
Is 79 a factor of 156812?
False
Is 5 a factor of 7269?
False
Is 540000 a multiple of 25?
True
Is 2928 a multiple of 8?
True
Does 175 divide 1435814?
False
Does 22 divide 2264636?
True
Is 225 a factor of 5402025?
True
Does 585 divide 905799?
False
Is 255 a factor of 1004700?
True
Does 31 divide 573624?
True
Does 72 divide 130896?
True
Does 16 divide 366080?
True
Is 2057568 a multiple of 873?
False
Is 93440 a multiple of 146?
True
Is 225016 a multiple of 9?
False
Is 17390 a multiple of 202?
False
Is 173 a factor of 373537?
False
Is 69 a factor of 361168?
False
Is 223912 a multiple of 18?
False
Is 479 a factor of 2534841?
False
Is 10615963 a multiple of 236?
False
Does 52 divide 26936676?
True
Is 10139 a multiple of 130?
False
Is 20176230 a multiple of 118?
True
Does 29 divide 328088?
False
Does 33 divide 2665486?
False
Does 28 divide 7616?
True
Is 1357660 a multiple of 1363?
False
Is 4009680 a multiple of 5?
True
Does 254 divide 9044686?
True
Is 9 a factor of 3737808?
True
Does 14 divide 21288?
False
Is 69 a factor of 114562?
False
Is 1320192 a multiple of 54?
True
Is 233 a factor of 87142?
True
Does 10 divide 289536?
False
Is 104125 a multiple of 245?
True
Is 6565824 a multiple of 64?
True
Is 15 a factor of 25380?
True
Is 396 a factor of 3988512?
True
Does 17 divide 88519?
True
Is 494 a factor of 373756?
False
Does 133 divide 168644?
True
Does 536 divide 2309624?
True
Does 12 divide 32596?
False
Is 128485 a multiple of 8?
False
Is 151 a factor of 18724?
True
Is 19 a factor of 660934?
True
Does 77 divide 81774?
True
Does 11 divide 287210?
True
Is 9 a factor of 943767?
True
Is 367 a factor of 17322231?
False
Is 22 a factor of 203850?
False
Does 136 divide 7752?
True
Does 5 divide 830875?
True
Is 465873 a multiple of 12?
False
Is 6076 a multiple of 196?
True
Is 46 a factor of 950723?
False
Is 657569 a multiple of 11?
True
Does 135 divide 10798515?
True
Is 240189 a multiple of 88?
False
Does 77 divide 2472403?
False
Is 111 a factor of 215046?
False
Is 5 a factor of 1350?
True
Is 50226 a multiple of 25?
False
Does 174 divide 1095156?
True
Does 409 divide 1044375?
False
Is 182286 a multiple of 123?
True
Does 34 divide 11817486?
False
Does 126 divide 48636?
True
Does 313 divide 1852960?
True
Is 9332331 a multiple of 416?
False
Is 18 a factor of 1754640?
True
Is 19 a factor of 1606798?
False
Does 10 divide 4106660?
True
Does 548 divide 8828981?
False
Is 3039744 a multiple of 32?
True
Is 62101 a multiple of 216?
False
Does 8 divide 190565?
False
Does 10 divide 1970?
True
Is 63 a factor of 1832366?
False
Is 5127645 a multiple of 4?
False
Does 3 divide 5402320?
False
Is 218689 a multiple of 29?
True
Is 100 a factor of 86516?
False
Is 3039145 a multiple of 135?
False
Is 670 a factor of 1378860?
True
Is 297916 a multiple of 71?
True
Does 2 divide 14833?
False
Is 19 a factor of 887200?
False
Is 214 a factor of 87484?
False
Is 6560 a multiple of 8?
True
Does 9 divide 901987?
False
Does 59 divide 19234?
True
Is 1879730 a multiple of 10?
True
Does 52 divide 120167?
False
Does 28 divide 14173992?
True
Is 5 a factor of 12000?
True
Is 597180 a multiple of 15?
True
Is 1977456 a multiple of 6?
True
Does 277 divide 8168974?
False
Is 4510362 even?
True
Is 274 a factor of 7037416?
True
Does 56 divide 115528?
True
Does 582 divide 2425194?
True
Does 18 divide 1010394?
True
Is 11 a factor of 362210?
False
Is 17 a factor of 510749?
False
Does 368 divide 369961?
False
Does 113 divide 12162077?
True
Is 8 a factor of 1263748?
False
Does 21 divide 167464?
False
Is 45 a factor of 6381900?
True
Is 4183475 a multiple of 55?
False
Is 89 a factor of 4715398?
True
Is 11793040 a multiple of 14?
True
Is 35 a factor of 877629?
False
Is 11 a factor of 5259?
False
Is 108380 a multiple of 5?
True
Is 604197 a multiple of 11?
True
Is 5347707 a multiple of 29?
False
Is 13988 a multiple of 6?
False
Is 9 a factor of 133251?
False
Is 283105 a multiple of 86?
False
Is 117 a factor of 6516319?
False
Does 3 divide 68749?
False
Is 566955 a multiple of 215?
True
Is 171764 a multiple of 207?
False
Is 2169051 a multiple of 618?
False
Is 487 a factor of 315128?
False
Is 422352 a multiple of 36?
True
Is 122 a factor of 58592?
False
Is 6 a factor of 58675?
False
Is 205533 a multiple of 44?
False
Is 13 a factor of 916617?
True
Is 26 a factor of 653363?
False
Does 27 divide 7918236?
True
Is 22987 a multiple of 169?
False
Is 250770 a multiple of 10?
True
Does 155 divide 1396001?
False
Is 3979036 a multiple of 631?
False
Is 24 a factor of 199998?
False
Is 247 a factor of 1518009?
False
Is 5900292 a multiple of 252?
False
Is 113309 a multiple of 201?
False
Is 6042 a multiple of 57?
True
Is 111002 a multiple of 85?
False
Is 379550 a multiple of 10?
True
Is 2 a factor of 202383?
False
Is 25 a factor of 4953109?
False
Is 65 a factor of 36933?
False
Is 20580 a multiple of 13?
False
Is 458 a factor of 2204731?
False
Is 2375913 a multiple of 217?
False
Is 10 a factor of 1989812?
False
Is 535 a factor of 1058801?
False
Is 16256688 a multiple of 14?
True
Is 3 a factor of 30213?
True
Is 4 a factor of 812912?
True
Is 28753 a multiple of 2?
False
Does 54 divide 310230?
True
Is 78 a factor of 3816004?
False
Is 9 a factor of 203922?
True
Does 27 divide 8176?
Fal